t of 281821?
2
What is the hundred thousands digit of 726719?
7
What is the hundred thousands digit of 11079677?
0
What is the ten thousands digit of 67329?
6
What is the thousands digit of 119954?
9
What is the ten millions digit of 27829830?
2
What is the millions digit of 3400923?
3
What is the thousands digit of 326037?
6
What is the hundreds digit of 15808254?
2
What is the tens digit of 198383?
8
What is the hundred thousands digit of 350323?
3
What is the ten thousands digit of 2030937?
3
What is the ten thousands digit of 262010?
6
What is the units digit of 871317?
7
What is the hundred thousands digit of 5752221?
7
What is the ten thousands digit of 114099?
1
What is the tens digit of 481984?
8
What is the hundreds digit of 326167?
1
What is the millions digit of 2754274?
2
What is the hundreds digit of 2966603?
6
What is the hundreds digit of 848858?
8
What is the units digit of 61601?
1
What is the hundred thousands digit of 2158579?
1
What is the hundred thousands digit of 21038939?
0
What is the hundreds digit of 1240337?
3
What is the units digit of 92030?
0
What is the tens digit of 7040809?
0
What is the millions digit of 4631930?
4
What is the units digit of 1769195?
5
What is the thousands digit of 122975?
2
What is the thousands digit of 31724719?
4
What is the thousands digit of 706003?
6
What is the tens digit of 3406451?
5
What is the units digit of 479225?
5
What is the hundred thousands digit of 25534544?
5
What is the hundred thousands digit of 450623?
4
What is the ten millions digit of 28773725?
2
What is the units digit of 6908065?
5
What is the millions digit of 1096798?
1
What is the ten thousands digit of 109276?
0
What is the ten thousands digit of 2501361?
0
What is the ten thousands digit of 161157?
6
What is the ten thousands digit of 8447614?
4
What is the tens digit of 761253?
5
What is the tens digit of 25821899?
9
What is the hundred thousands digit of 719668?
7
What is the thousands digit of 30735637?
5
What is the thousands digit of 26715162?
5
What is the tens digit of 660719?
1
What is the units digit of 1637891?
1
What is the thousands digit of 22098000?
8
What is the units digit of 1107765?
5
What is the ten millions digit of 18237236?
1
What is the tens digit of 233133?
3
What is the hundreds digit of 207054?
0
What is the thousands digit of 579079?
9
What is the units digit of 162193?
3
What is the hundred thousands digit of 135659?
1
What is the ten thousands digit of 677390?
7
What is the thousands digit of 23799?
3
What is the ten thousands digit of 480901?
8
What is the ten thousands digit of 2150536?
5
What is the hundred thousands digit of 1454841?
4
What is the hundreds digit of 8247826?
8
What is the hundred thousands digit of 275646?
2
What is the hundreds digit of 106664?
6
What is the hundreds digit of 544939?
9
What is the ten thousands digit of 27033758?
3
What is the thousands digit of 229907?
9
What is the hundreds digit of 958761?
7
What is the hundred thousands digit of 1301931?
3
What is the ten thousands digit of 34415?
3
What is the ten thousands digit of 1387991?
8
What is the millions digit of 1171399?
1
What is the ten thousands digit of 64930?
6
What is the units digit of 2605467?
7
What is the hundreds digit of 36341057?
0
What is the hundred thousands digit of 257232?
2
What is the ten thousands digit of 4430682?
3
What is the tens digit of 15446848?
4
What is the millions digit of 1919706?
1
What is the ten thousands digit of 406238?
0
What is the thousands digit of 249022?
9
What is the tens digit of 5784338?
3
What is the ten thousands digit of 14477142?
7
What is the ten thousands digit of 316380?
1
What is the tens digit of 316345?
4
What is the hundred thousands digit of 339591?
3
What is the hundreds digit of 10994454?
4
What is the tens digit of 985532?
3
What is the units digit of 17338758?
8
What is the millions digit of 1410440?
1
What is the hundred thousands digit of 219354?
2
What is the thousands digit of 4639979?
9
What is the tens digit of 178629?
2
What is the thousands digit of 195202?
5
What is the hundred thousands digit of 2612220?
6
What is the units digit of 294833?
3
What is the hundreds digit of 33957555?
5
What is the units digit of 1633986?
6
What is the thousands digit of 3501852?
1
What is the ten thousands digit of 1851577?
5
What is the tens digit of 99732?
3
What is the ten thousands digit of 4218232?
1
What is the hundred thousands digit of 149987?
1
What is the hundred thousands digit of 27482939?
4
What is the hundreds digit of 310932?
9
What is the ten millions digit of 13119280?
1
What is the tens digit of 2667583?
8
What is the hundreds digit of 34880160?
1
What is the units digit of 101209?
9
What is the ten thousands digit of 92528?
9
What is the ten thousands digit of 61142?
6
What is the ten thousands digit of 4050173?
5
What is the units digit of 9667210?
0
What is the units digit of 300305?
5
What is the units digit of 62588?
8
What is the thousands digit of 16944903?
4
What is the units digit of 13510?
0
What is the hundred thousands digit of 14569702?
5
What is the thousands digit of 17537149?
7
What is the hundreds digit of 696430?
4
What is the units digit of 5585525?
5
What is the units digit of 95804?
4
What is the units digit of 3093084?
4
What is the units digit of 5390122?
2
What is the thousands digit of 2714683?
4
What is the tens digit of 502265?
6
What is the hundred thousands digit of 646467?
6
What is the tens digit of 996436?
3
What is the hundreds digit of 1239222?
2
What is the hundred thousands digit of 765401?
7
What is the units digit of 11866783?
3
What is the tens digit of 3724947?
4
What is the thousands digit of 265858?
5
What is the units digit of 61613?
3
What is the thousands digit of 576558?
6
What is the ten thousands digit of 298966?
9
What is the millions digit of 10824942?
0
What is the units digit of 2395398?
8
What is the tens digit of 381079?
7
What is the hundreds digit of 5455658?
6
What is the thousands digit of 206275?
6
What is the hundred thousands digit of 7754833?
7
What is the thousands digit of 227960?
7
What is the ten thousands digit of 1314259?
1
What is the hundreds digit of 2612294?
2
What is the ten thousands digit of 2549817?
4
What is the units digit of 181998?
8
What is the units digit of 1905921?
1
What is the hundreds digit of 306877?
8
What is the ten thousands digit of 428954?
2
What is the units digit of 487550?
0
What is the units digit of 3459819?
9
What is the millions digit of 8073990?
8
What is the ten thousands digit of 1298347?
9
What is the hundred thousands digit of 1815146?
8
What is the millions digit of 1060791?
1
What is the ten thousands digit of 104894?
0
What is the hundred thousands digit of 1358886?
3
What is the millions digit of 1966058?
1
What is the units digit of 40475?
5
What is the ten thousands digit of 252014?
5
What is the ten thousands digit of 13617?
1
What is the ten thousands digit of 420420?
2
What is the units digit of 1078000?
0
What is the hundred thousands digit of 9370595?
3
What is the hundreds digit of 183843?
8
What is the ten thousands digit of 8263964?
6
What is the hundreds digit of 855555?
5
What is the thousands digit of 7171723?
1
What is the tens digit of 47615?
1
What is the tens digit of 2377434?
3
What is the thousands digit of 35106?
5
What is the tens digit of 981821?
2
What is the thousands digit of 88193?
8
What is the hundred thousands digit of 1986848?
9
What is the ten thousands digit of 28109199?
0
What is the hundreds digit of 133502?
5
What is the thousands digit of 297130?
7
What is the units digit of 2324882?
2
What is the tens digit of 914734?
3
What is the thousands digit of 6307380?
7
What is the hundred thousands digit of 10402392?
4
What is the hundreds digit of 229844?
8
What is the ten thousands digit of 1192265?
9
What is the hundred thousands digit of 213412?
2
What is the thousands digit of 247114?
7
What is the ten thousands digit of 2571299?
7
What is the hundreds digit of 3595908?
9
What is the hundred thousands digit of 164649?
1
What is the thousands digit of 11544825?
4
What is the tens digit of 391744?
4
What is the tens digit of 193334?
3
What is the hundred thousands digit of 428962